culate the greatest common factor of 88 and s.
22
Suppose 6*u = -0*u + 384. Calculate the greatest common divisor of u and 176.
16
Let v(m) = -9*m**3 - 2*m**2 + 7*m. Let o be v(-4). Calculate the greatest common divisor of o and 8.
4
Suppose -48 = -4*m + 5*l - 5, -5*m + 32 = l. Suppose -m*i = -12*i + 525. Calculate the highest common divisor of i and 35.
35
Let q = 5 - -4. Suppose 4*t - 10 - 6 = 0. Suppose -t*m = -158 - 130. Calculate the greatest common factor of q and m.
9
Suppose -3*p + 0*p + 24 = 0. Let c = -1657 - -1665. Calculate the highest common factor of p and c.
8
Let c = 229 - 210. Calculate the highest common divisor of c and 57.
19
Suppose 0 = 4*m + 3*b - 71 - 118, -2*b = 2. Calculate the highest common divisor of m and 384.
48
Let o = -102 + 112. What is the greatest common factor of 250 and o?
10
Let p be ((-54 - 0)/1)/((-153)/1734). What is the greatest common factor of 252 and p?
36
Suppose -4*m + 2 = -4*a - 2*m, -4*a = 4*m - 28. Suppose -108 = -4*d - a*o, -o = 4*d - 88 - 22. What is the highest common factor of 84 and d?
28
Suppose 5*p + 232 = 13*p. What is the greatest common factor of p and 377?
29
Let u be (68 - 4)/(-2) + 4. Let i = 16 + 33. Let a = i + u. What is the highest common divisor of 14 and a?
7
Suppose 0 = -3*i - 4*u - 34 + 242, u = -i + 68. Let y = 27 + -19. Calculate the greatest common divisor of i and y.
8
Suppose 4*r - 7 + 23 = 0, 5*j = -2*r + 7. Suppose d + 4*o = 16, -4*d = -2*o + 5*o - 64. Suppose -18*v = -d*v - 6. What is the highest common factor of v and j?
3
Let k(z) = z**2 + 7*z - 3. Let c be k(-8). Suppose 3 = -u + 4*j + 15, c*j = u - 10. What is the greatest common factor of 10 and u?
10
Let h = 122 + -57. What is the greatest common divisor of 65 and h?
65
Suppose -5*t - 18 = -7*t. Let c = -8 + t. Suppose c = -p + 9. Calculate the greatest common divisor of p and 72.
8
Suppose -z + 4 = 0, 4*i + 0*i + 3*z = 168. Let k be i/2*(-4)/(-6). Let a = k - 4. What is the highest common divisor of a and 1?
1
Let k(v) = -3*v**2 + 10*v**2 + 7 - 8*v**2 - 7*v. Let s = -8 + 2. Let b be k(s). Calculate the greatest common divisor of b and 143.
13
Let g be (-2672)/(-32) + (-2)/(-4). Calculate the greatest common divisor of g and 28.
28
Let a(c) = 2*c**2 - 14*c + 6. Let k be a(9). Let b = -353 + 201. Let i be b/(-11) - 7/((-308)/8). Calculate the greatest common factor of k and i.
14
Let h be (-1548)/(-48) + (-27)/12. What is the highest common divisor of 115 and h?
5
Suppose 4*x - 3*x - 923 = 0. What is the greatest common divisor of x and 71?
71
Let n = -42 - -44. Calculate the highest common factor of 58 and n.
2
Suppose 5*k - 1373 = -2*m, -2*k = -5*m + 8*m - 547. Calculate the greatest common divisor of k and 175.
25
Let n be (-10 + (2 - 0))/(-2). Let u be -4 - -40 - 0/(-1 + n). What is the highest common factor of 24 and u?
12
Let t(s) = 2*s - 32. Let b be t(18). Suppose -b*w + 0*w + 136 = 0. Calculate the highest common factor of w and 102.
34
Suppose -5*k = -20, -6*c + 3*k = -5*c + 10. Suppose c*f + 4 - 14 = 0. Suppose f*x - 31 = 29. Calculate the highest common factor of 8 and x.
4
Suppose 0*u = 4*q - u - 11, -4*q + 10 = -2*u. Let a = 194 + -39. Let m = 164 - a. What is the greatest common factor of q and m?
3
Suppose 93*a = 98*a - 1200. Calculate the greatest common factor of 150 and a.
30
Let x = 318 - 214. Let m = 2108 + -2082. What is the greatest common factor of x and m?
26
Suppose 509 + 1111 = 3*u. Let f be (-8)/(-12)*u/8. Let c = 7 + 23. What is the greatest common factor of f and c?
15
Let r be -12 + -1 + -2 + -1. Let z = -27 - r. Let q = z + 123. Calculate the highest common divisor of q and 16.
16
Let z = -6 - -12. Let d be ((-3)/(-2))/(3/z). Let m be (14/d)/(4/6). What is the greatest common factor of m and 7?
7
Suppose -44 = -d - 3*d. Suppose -5*r = 3*y + 18, 4*r + 5 = -4*y - d. Let q be 40/r*(8 + -20). What is the highest common divisor of q and 20?
20
Let n be ((-904)/32)/(3/(-12)). Suppose -5*m + 2*t - 2 = -n, m - 24 = t. Calculate the highest common factor of m and 49.
7
Suppose -g = -624 - 168. What is the highest common factor of 88 and g?
88
Let y be (42/49)/((-3)/(-28)). Let h(r) = 5*r - 32. Let n be h(y). What is the greatest common factor of 32 and n?
8
Let t = -33 - -36. Suppose -2*h + a + 24 = 2*h, -18 = -t*h + a. Calculate the greatest common factor of 54 and h.
6
Suppose -5 = -6*t + t + 5*p, p = 1. Suppose 0 = 2*m, -y + t*m = y + 30. Let d be 3 - -6*y/(-6). Calculate the greatest common divisor of d and 45.
9
Suppose -4*r + 2*j = -1254, -2*r - 2*j = 2*r - 1266. What is the greatest common factor of 30 and r?
15
Let c(m) = 5*m**3 - 3*m**2 + 4*m - 2. Let x be c(1). Suppose -8 + 280 = 4*d. What is the greatest common factor of x and d?
4
Let l(m) = m**2 - 5*m + 7. Let a be l(6). Let k = -36 + 41. Suppose 0 = -k*p - 24 + 284. Calculate the greatest common factor of p and a.
13
Suppose 201 = 5*i - 2*n, -i - 2*n = -4*n - 37. Calculate the greatest common factor of i and 246.
41
Suppose 2*n - 7*m - 12 = -3*m, 5*m + 13 = 3*n. Let z(q) = -q**3 + 4*q**2 - 2. Let i be z(n). Calculate the highest common divisor of i and 14.
14
Let z(d) = -d**3 + 6*d**2 + 3*d - 10. Let q be z(5). Suppose 35 = b - q. Calculate the highest common factor of 26 and b.
13
Suppose -3760 = -14*w + 6796. What is the greatest common factor of 116 and w?
58
Let x be (-27)/6*80/(-15). Let h(q) be the first derivative of q**3/3 - 3*q + 2. Let g be h(-3). Calculate the greatest common divisor of x and g.
6
Let v be (12 + 2)*70/4. Calculate the greatest common factor of 35 and v.
35
Suppose x = v + 2*v + 15, 3*v = -15. Suppose n = -x*n + 23. Calculate the highest common divisor of n and 69.
23
Let o(i) = -1. Let w(h) = -13*h + 7. Let g(f) = 6*o(f) + w(f). Suppose -9 = 8*n + 7. Let z be g(n). Calculate the highest common factor of z and 9.
9
Let a be 0 + 3 + (-2)/(-1) + -5. Suppose 4*z - 37 = -3*s, 0 = -s - z - a*z + 12. Calculate the highest common factor of 77 and s.
11
Suppose -6 = 2*r - 182. What is the highest common divisor of 264 and r?
88
Let t = 3 - -2. Let b be 15/(-1 + (-21)/(-12)). Calculate the greatest common factor of b and t.
5
Let d = 9 - 15. Let k(t) = -4*t - 2 - t**2 - 9*t - 1 + 0. Let g be k(d). What is the greatest common factor of g and 26?
13
Let b be (-8)/(-1)*(-4 - -5). Let z be (b/20)/((-2)/20). Let f(d) = 2*d**2 + 4*d + 4. Let k be f(z). What is the highest common divisor of k and 20?
20
Suppose -3*k = -2*i - k + 14, -2*i + 11 = -k. What is the highest common factor of i and 18?
2
Let d = 625 - 601. What is the highest common factor of d and 112?
8
Let s be (1/3)/((-10)/15)*-12. Calculate the highest common factor of s and 33.
3
Let p be 4 + -2 + 0/(-2). Let o be 6 - (4 + -1) - -40. Suppose -o = -3*v - 13. Calculate the greatest common divisor of p and v.
2
Suppose -2*o + 3*o + 5 = 0. Let k(s) = 7*s**3 + s**2 + 1. Let a be k(2). Let g = o + a. What is the greatest common divisor of g and 14?
14
Let r = 1219 - 704. What is the greatest common factor of 5 and r?
5
Let d = -107 - -19. Let l = d - -96. What is the highest common divisor of l and 104?
8
Suppose 0*s - 3*u + 18 = 4*s, -5*s + 2*u = -11. Calculate the greatest common factor of s and 1.
1
Let v = 208 - 118. Let d(g) = 8*g + 2. Let h be d(2). Calculate the highest common divisor of h and v.
18
Let w(q) = -2*q**2 - 15*q - 6. Let o be w(-7). Suppose 5*u = -2*b + 8, 4*b - 5 = -4*u - o. Calculate the highest common divisor of u and 18.
2
Suppose 25578 = 14*k + 1358. Calculate the greatest common divisor of k and 10.
10
Suppose -18 = -v + 10. Let i be 22/(-6)*-3 + 3. Suppose 3*m + t = 3*t + i, -4*t - 4 = 0. What is the greatest common factor of v and m?
4
Let q(z) = 6*z**2 + 18*z + 27. Let s be q(-6). What is the greatest common divisor of s and 180?
45
Let c(a) = -a + 4. Let r be c(-14). Calculate the greatest common divisor of r and 486.
18
Let q be 54/24*116*3/9. What is the highest common divisor of q and 3?
3
Suppose q - 4 - 21 = -5*v, q - 13 = -v. What is the greatest common factor of q and 100?
10
Suppose 23 - 3 = 2*p + 4*z, 5*p - 17 = z. Let o(r) = -15*r - 1. Let u be o(-3). Calculate the highest common divisor of u and p.
4
Suppose -7279 = -3*k - 1972. What is the greatest common factor of k and 29?
29
Let q(t) = -58*t - 26. Let g be